{"id":89,"date":"2017-08-11T11:40:23","date_gmt":"2017-08-11T15:40:23","guid":{"rendered":"http:\/\/eventos.cmm.uchile.cl\/tarachile2017\/?page_id=89"},"modified":"2017-08-13T01:16:46","modified_gmt":"2017-08-13T04:16:46","slug":"rencontres-regionales-tara","status":"publish","type":"page","link":"https:\/\/eventos.cmm.uchile.cl\/tarachile2017\/fr\/rencontres-regionales-tara\/","title":{"rendered":"Rencontres r\u00e9gionales Tara"},"content":{"rendered":"<p>Deux activit\u00e9s sont organis\u00e9es au Chili afin d\u2019approfondir la coop\u00e9ration entre la <a href=\"http:\/\/oceans.taraexpeditions.org\/\" target=\"_blank\" rel=\"noopener\">Fondation Tara Exp\u00e9ditions<\/a> et les institutions sud-am\u00e9ricaines :<\/p>\n<ul>\n<li><a href=\"http:\/\/eventos.cmm.uchile.cl\/tarachile2017\/fr\/rencontre-tara-amerique-du-sud\/\">Rencontre Tara &#8211; Am\u00e9rique du Sud<\/a> : \u00ab Le programme Tara Oceans : structuration de la coop\u00e9ration scientifique internationale avec l\u2019Am\u00e9rique du Sud \u00bb. Cet \u00e9v\u00e9nement aura lieu du 4 au 6 septembre 2017 \u00e0 l\u2019Universit\u00e9 de Concepci\u00f3n.<\/li>\n<li><a href=\"http:\/\/eventos.cmm.uchile.cl\/tarachile2017\/fr\/seminaire-regional\/\">S\u00e9minaire r\u00e9gional<\/a> : \u00a0\u00ab D\u00e9fis mondiaux pour les sciences de l\u2019oc\u00e9an et politiques internationales actuelles \u00bb. Cet \u00e9v\u00e9nement aura lieu le 7 septembre 2017 \u00e0 Santiago.<\/li>\n<\/ul>\n<p>&nbsp;<\/p>\n<p><img loading=\"lazy\" decoding=\"async\" class=\"alignnone size-full wp-image-82\" src=\"http:\/\/eventos.cmm.uchile.cl\/tarachile2017\/wp-content\/uploads\/sites\/47\/2017\/07\/tara2017_sponsors_web06.png\" alt=\"\" width=\"604\" height=\"320\" srcset=\"https:\/\/eventos.cmm.uchile.cl\/tarachile2017\/wp-content\/uploads\/sites\/47\/2017\/07\/tara2017_sponsors_web06.png 604w, https:\/\/eventos.cmm.uchile.cl\/tarachile2017\/wp-content\/uploads\/sites\/47\/2017\/07\/tara2017_sponsors_web06-300x159.png 300w\" sizes=\"auto, (max-width: 604px) 100vw, 604px\" \/><\/p>\n","protected":false},"excerpt":{"rendered":"<p>Deux activit\u00e9s sont organis\u00e9es au Chili afin d\u2019approfondir la coop\u00e9ration entre la Fondation Tara Exp\u00e9ditions et les institutions sud-am\u00e9ricaines : Rencontre Tara &#8211; Am\u00e9rique du Sud : \u00ab Le programme Tara Oceans : structuration de la coop\u00e9ration scientifique internationale avec l\u2019Am\u00e9rique du Sud \u00bb. Cet \u00e9v\u00e9nement aura lieu du 4 au 6 septembre 2017 \u00e0 &hellip; <a href=\"https:\/\/eventos.cmm.uchile.cl\/tarachile2017\/fr\/rencontres-regionales-tara\/\" class=\"more-link\">Continue reading <span class=\"screen-reader-text\">Rencontres r\u00e9gionales Tara<\/span> <span class=\"meta-nav\">&rarr;<\/span><\/a><\/p>\n","protected":false},"author":2,"featured_media":0,"parent":0,"menu_order":0,"comment_status":"closed","ping_status":"closed","template":"","meta":{"inline_featured_image":false,"footnotes":""},"class_list":["post-89","page","type-page","status-publish","hentry"],"_links":{"self":[{"href":"https:\/\/eventos.cmm.uchile.cl\/tarachile2017\/wp-json\/wp\/v2\/pages\/89","targetHints":{"allow":["GET"]}}],"collection":[{"href":"https:\/\/eventos.cmm.uchile.cl\/tarachile2017\/wp-json\/wp\/v2\/pages"}],"about":[{"href":"https:\/\/eventos.cmm.uchile.cl\/tarachile2017\/wp-json\/wp\/v2\/types\/page"}],"author":[{"embeddable":true,"href":"https:\/\/eventos.cmm.uchile.cl\/tarachile2017\/wp-json\/wp\/v2\/users\/2"}],"replies":[{"embeddable":true,"href":"https:\/\/eventos.cmm.uchile.cl\/tarachile2017\/wp-json\/wp\/v2\/comments?post=89"}],"version-history":[{"count":5,"href":"https:\/\/eventos.cmm.uchile.cl\/tarachile2017\/wp-json\/wp\/v2\/pages\/89\/revisions"}],"predecessor-version":[{"id":135,"href":"https:\/\/eventos.cmm.uchile.cl\/tarachile2017\/wp-json\/wp\/v2\/pages\/89\/revisions\/135"}],"wp:attachment":[{"href":"https:\/\/eventos.cmm.uchile.cl\/tarachile2017\/wp-json\/wp\/v2\/media?parent=89"}],"curies":[{"name":"wp","href":"https:\/\/api.w.org\/{rel}","templated":true}]}}