{"id":17,"date":"2022-01-19T21:22:10","date_gmt":"2022-01-20T00:22:10","guid":{"rendered":"https:\/\/eventos.cmm.uchile.cl\/tarapuntaarenas\/?page_id=17"},"modified":"2022-01-21T16:31:20","modified_gmt":"2022-01-21T19:31:20","slug":"workshop","status":"publish","type":"page","link":"https:\/\/eventos.cmm.uchile.cl\/tarapuntaarenas\/workshop\/","title":{"rendered":"Scientific Workshop"},"content":{"rendered":"<h2>CEODOS\/AtlantECO &#8211; Connecting expeditions<\/h2>\n<p><strong>Organizers:<\/strong> Camila Fern\u00e1ndez (COPAS, U. de Concepci\u00f3n &#8211; CNRS), Humberto Gonz\u00e1lez (IDEAL, U. Austral), Alejandro Maass (CMM, U. de Chile &#8211; CNRS)<\/p>\n<p><strong>Place &amp; Date:<\/strong> Center IDEAL &amp; via Streaming, March 1-2, 2022<\/p>\n<h2>Program<\/h2>\n<h3>March 1<\/h3>\n<ul>\n<li>14:30-15:00 <strong>Camila Fern\u00e1ndez<\/strong> (co-coordinator <a href=\"https:\/\/www.ceodoschile.cl\/\" target=\"_blank\" rel=\"noopener\">CEODOS<\/a>): A complete description of CEODOS samplings, state of analysis and relevant scientific questions (20\u2019 talk and 10\u2019 questions)<\/li>\n<li>15:00-15:30 <strong>Alejandro Maass<\/strong> (co-coordinator <a href=\"https:\/\/www.ceodoschile.cl\/\" target=\"_blank\" rel=\"noopener\">CEODOS<\/a>): A program for the genomics sequencing, analysis, and relevant scientific questions (20\u2019 talk and 10\u2019 questions)<\/li>\n<li>15:30-16:30 <strong>Discussion<\/strong>: refinement of scientific questions, synergies, etc. Moderators: <strong>Humberto Gonz\u00e1lez<\/strong><\/li>\n<\/ul>\n<h3>March 2<\/h3>\n<ul>\n<li>9\u00a0:30-10\u00a0:00 <strong>Daniele Iudicone<\/strong> (coordinator <a href=\"https:\/\/www.atlanteco.eu\/\" target=\"_blank\" rel=\"noopener\">AtlantECO<\/a>): The first half of AtlantECO and next steps\u00a0(20\u2019 talk and 10\u2019 questions);<\/li>\n<li>10\u00a0:00-10\u00a0:30 <strong>Chris Bowler<\/strong>\u00a0(Scientific Director <a href=\"https:\/\/fondationtaraocean.org\/\" target=\"_blank\" rel=\"noopener\">TARA Oc\u00e9an<\/a>): Main scientific questions in <a href=\"https:\/\/microbiome.fondationtaraocean.org\/\" target=\"_blank\" rel=\"noopener\">Mission Microbiome<\/a>\u00a0(20\u2019 talk and 10\u2019 questions);<\/li>\n<li>10\u00a0:30-11\u00a0:30 <strong>Discussion<\/strong>: refinement of scientific questions, possible synergies, \u2026 Moderator: <b>Damien Eveillard<\/b><\/li>\n<\/ul>\n<p>&nbsp;<\/p>\n<p><img loading=\"lazy\" decoding=\"async\" class=\"alignnone size-full wp-image-30\" src=\"https:\/\/eventos.cmm.uchile.cl\/tarapuntaarenas\/wp-content\/uploads\/sites\/131\/2022\/01\/tara_portcall_workshop_sponsors_01.png\" alt=\"CEODOS \/ Tara \/ AtlantECO\" width=\"600\" height=\"120\" srcset=\"https:\/\/eventos.cmm.uchile.cl\/tarapuntaarenas\/wp-content\/uploads\/sites\/131\/2022\/01\/tara_portcall_workshop_sponsors_01.png 600w, https:\/\/eventos.cmm.uchile.cl\/tarapuntaarenas\/wp-content\/uploads\/sites\/131\/2022\/01\/tara_portcall_workshop_sponsors_01-300x60.png 300w\" sizes=\"auto, (max-width: 600px) 100vw, 600px\" \/><\/p>\n","protected":false},"excerpt":{"rendered":"<p>CEODOS\/AtlantECO &#8211; Connecting expeditions Organizers: Camila Fern\u00e1ndez (COPAS, U. de Concepci\u00f3n &#8211; CNRS), Humberto Gonz\u00e1lez (IDEAL, U. Austral), Alejandro Maass (CMM, U. de Chile &#8211; CNRS) Place &amp; Date: Center IDEAL &amp; via Streaming, March 1-2, 2022 Program March 1 14:30-15:00 Camila Fern\u00e1ndez (co-coordinator CEODOS): A complete description of CEODOS samplings, state of analysis and &hellip; <a href=\"https:\/\/eventos.cmm.uchile.cl\/tarapuntaarenas\/workshop\/\" class=\"more-link\">Continue reading <span class=\"screen-reader-text\">Scientific Workshop<\/span> <span class=\"meta-nav\">&rarr;<\/span><\/a><\/p>\n","protected":false},"author":2,"featured_media":0,"parent":0,"menu_order":2,"comment_status":"closed","ping_status":"closed","template":"","meta":{"inline_featured_image":false,"footnotes":""},"class_list":["post-17","page","type-page","status-publish","hentry"],"_links":{"self":[{"href":"https:\/\/eventos.cmm.uchile.cl\/tarapuntaarenas\/wp-json\/wp\/v2\/pages\/17","targetHints":{"allow":["GET"]}}],"collection":[{"href":"https:\/\/eventos.cmm.uchile.cl\/tarapuntaarenas\/wp-json\/wp\/v2\/pages"}],"about":[{"href":"https:\/\/eventos.cmm.uchile.cl\/tarapuntaarenas\/wp-json\/wp\/v2\/types\/page"}],"author":[{"embeddable":true,"href":"https:\/\/eventos.cmm.uchile.cl\/tarapuntaarenas\/wp-json\/wp\/v2\/users\/2"}],"replies":[{"embeddable":true,"href":"https:\/\/eventos.cmm.uchile.cl\/tarapuntaarenas\/wp-json\/wp\/v2\/comments?post=17"}],"version-history":[{"count":8,"href":"https:\/\/eventos.cmm.uchile.cl\/tarapuntaarenas\/wp-json\/wp\/v2\/pages\/17\/revisions"}],"predecessor-version":[{"id":51,"href":"https:\/\/eventos.cmm.uchile.cl\/tarapuntaarenas\/wp-json\/wp\/v2\/pages\/17\/revisions\/51"}],"wp:attachment":[{"href":"https:\/\/eventos.cmm.uchile.cl\/tarapuntaarenas\/wp-json\/wp\/v2\/media?parent=17"}],"curies":[{"name":"wp","href":"https:\/\/api.w.org\/{rel}","templated":true}]}}