{"id":26,"date":"2023-06-15T12:38:41","date_gmt":"2023-06-15T16:38:41","guid":{"rendered":"https:\/\/eventos.cmm.uchile.cl\/tvetweek\/?page_id=26"},"modified":"2023-08-09T14:58:22","modified_gmt":"2023-08-09T18:58:22","slug":"speakers","status":"publish","type":"page","link":"https:\/\/eventos.cmm.uchile.cl\/tvetweek\/en\/speakers\/","title":{"rendered":"Speakers"},"content":{"rendered":"<h2>National speakers<\/h2>\n<ul>\n<li><strong>Dr. Karina Cerda O\u00f1ate<\/strong><br \/>\nFaculty of Educational Sciences, Universidad de Talca (Linares, Chile)<\/li>\n<li><strong>MSc. Francisco Ortiz<\/strong><br \/>\nEnglish TVET Professor<br \/>\nInstituto Santa Teresa de Los Andes (Graneros, Chile)<\/li>\n<li><strong>MSc. Germ\u00e1n Osses Romano\u00a0<\/strong><br \/>\nAdvisor for Integral Formation in Basic Sciences, Instituto Nacional de Capacitaci\u00f3n Profesional (INACAP)<\/li>\n<li><strong>MSc. Natacha Pardo<\/strong><br \/>\nFaculty &amp; Supervisor of English Pedagogical Teaching Practices<br \/>\nFaculty of Education, Pontificia Universidad Cat\u00f3lica de Chile<\/li>\n<\/ul>\n<div class=\"su-divider su-divider-style-default\" style=\"margin:15px 0;border-width:3px;border-color:#F2A402\"><a href=\"#\" style=\"color:#999999\">Ir arriba<\/a><\/div>\n<h2>International speakers<\/h2>\n<h4 id=\"okolie\"><strong><img loading=\"lazy\" decoding=\"async\" class=\"speaker_pic alignleft size-full wp-image-236\" src=\"https:\/\/eventos.cmm.uchile.cl\/tvetweek\/wp-content\/uploads\/sites\/169\/2023\/07\/okolie_01.jpg\" alt=\"Dr. Ugochukwu Chinonso Okolie\" width=\"200\" height=\"200\" srcset=\"https:\/\/eventos.cmm.uchile.cl\/tvetweek\/wp-content\/uploads\/sites\/169\/2023\/07\/okolie_01.jpg 200w, https:\/\/eventos.cmm.uchile.cl\/tvetweek\/wp-content\/uploads\/sites\/169\/2023\/07\/okolie_01-150x150.jpg 150w\" sizes=\"auto, (max-width: 200px) 100vw, 200px\" \/>Dr. Ugochukwu Chinonso Okolie<\/strong><\/h4>\n<p>Department of Vocational and Technical Education, Alex Ekwueme, Federal University, Ndufu-Alike (Ebonyi State, Nigeria)<\/p>\n<p>Okolie is a TVET lecturer with Alex Ekwueme Federal University, Ndufu Alike, Ikwo, Ebonyi State, Nigeria. He researches on TVET development in developing world contexts.<\/p>\n<p><a href=\"https:\/\/www.researchgate.net\/profile\/Ugochukwu-Okolie-2\" target=\"_blank\" rel=\"noopener\">ResearchGate<\/a> | <a href=\"https:\/\/scholar.google.com\/citations?user=gc8A1ZUAAAAJ\" target=\"_blank\" rel=\"noopener\">Google Scholar<\/a> | <a href=\"https:\/\/www.linkedin.com\/in\/ugochukwu-chinonso-okolie-phd-6206974b\/\" target=\"_blank\" rel=\"noopener\">LinkedIn<\/a> | <a href=\"https:\/\/www.ucokolie.com.ng\/\" target=\"_blank\" rel=\"noopener\">Web<\/a><\/p>\n<div class=\"su-divider su-divider-style-default\" style=\"margin:15px 0;border-width:1px;border-color:#F2A402\"><a href=\"#\" style=\"color:#999999\">Ir arriba<\/a><\/div>\n<h4 id=\"pilerot\"><strong><img loading=\"lazy\" decoding=\"async\" class=\"speaker_pic alignleft wp-image-241 size-full\" src=\"https:\/\/eventos.cmm.uchile.cl\/tvetweek\/wp-content\/uploads\/sites\/169\/2023\/07\/pilerot_02.jpg\" alt=\"Ola Pilerot\" width=\"200\" height=\"200\" srcset=\"https:\/\/eventos.cmm.uchile.cl\/tvetweek\/wp-content\/uploads\/sites\/169\/2023\/07\/pilerot_02.jpg 200w, https:\/\/eventos.cmm.uchile.cl\/tvetweek\/wp-content\/uploads\/sites\/169\/2023\/07\/pilerot_02-150x150.jpg 150w\" sizes=\"auto, (max-width: 200px) 100vw, 200px\" \/>Dr. Ola Pilerot<\/strong><\/h4>\n<p>The Swedish School of Library and Information Science, H\u00f6gskolan i Bor\u00e5s (Bor\u00e5s, Suecia)<\/p>\n<p>Ola Pilerot, Professor at the Swedish School of Library and Information Science (SSLIS), University of Bor\u00e5s, teaches and publishes within the field of information practices. He is a member of the research group Information practices and digital cultures at SSLIS.<\/p>\n<p><a href=\"https:\/\/www.researchgate.net\/profile\/Ola-Pilerot\" target=\"_blank\" rel=\"noopener\">ResearchGate<\/a> | <a href=\"https:\/\/scholar.google.com\/citations?user=bgQ9ZGEAAAAJ\" target=\"_blank\" rel=\"noopener\">Google Scholar<\/a> | <a href=\"https:\/\/www.linkedin.com\/in\/ola-pilerot-1b18664\/\" target=\"_blank\" rel=\"noopener\">LinkedIn<\/a> | <a href=\"https:\/\/olapilerot.net\/\" target=\"_blank\" rel=\"noopener\">Web<\/a><\/p>\n<div class=\"su-divider su-divider-style-default\" style=\"margin:15px 0;border-width:3px;border-color:#F2A402\"><a href=\"#\" style=\"color:#999999\">Ir arriba<\/a><\/div>\n<h2>Colloquium Moderators<\/h2>\n<ul>\n<li><strong>Dr. Fernando Bola\u00f1os<\/strong><strong><br \/>\n<\/strong>Center for Mathematical Modeling, Universidad de Chile<\/li>\n<li><strong>Dr. Miguel \u00c1ngel Cerna<\/strong><br \/>\nFaculty of Educational Sciences, Universidad de Talca<\/li>\n<li><strong>Dr. Camila Rasse<\/strong><br \/>\nSchool of Social Work, Faculty of Social Sciences, Pontificia Universidad Cat\u00f3lica de Chile<\/li>\n<\/ul>\n<div class=\"su-divider su-divider-style-default\" style=\"margin:15px 0;border-width:3px;border-color:#F2A402\"><a href=\"#\" style=\"color:#999999\">Ir arriba<\/a><\/div>\n","protected":false},"excerpt":{"rendered":"<p>National speakers Dr. Karina Cerda O\u00f1ate Faculty of Educational Sciences, Universidad de Talca (Linares, Chile) MSc. Francisco Ortiz English TVET Professor Instituto Santa Teresa de Los Andes (Graneros, Chile) MSc. Germ\u00e1n Osses Romano\u00a0 Advisor for Integral Formation in Basic Sciences, Instituto Nacional de Capacitaci\u00f3n Profesional (INACAP) MSc. Natacha Pardo Faculty &amp; Supervisor of English Pedagogical &hellip; <a href=\"https:\/\/eventos.cmm.uchile.cl\/tvetweek\/en\/speakers\/\" class=\"more-link\">Seguir leyendo <span class=\"screen-reader-text\">Speakers<\/span> <span class=\"meta-nav\">&rarr;<\/span><\/a><\/p>\n","protected":false},"author":2,"featured_media":0,"parent":0,"menu_order":1,"comment_status":"closed","ping_status":"closed","template":"","meta":{"inline_featured_image":false,"footnotes":""},"class_list":["post-26","page","type-page","status-publish","hentry"],"_links":{"self":[{"href":"https:\/\/eventos.cmm.uchile.cl\/tvetweek\/wp-json\/wp\/v2\/pages\/26","targetHints":{"allow":["GET"]}}],"collection":[{"href":"https:\/\/eventos.cmm.uchile.cl\/tvetweek\/wp-json\/wp\/v2\/pages"}],"about":[{"href":"https:\/\/eventos.cmm.uchile.cl\/tvetweek\/wp-json\/wp\/v2\/types\/page"}],"author":[{"embeddable":true,"href":"https:\/\/eventos.cmm.uchile.cl\/tvetweek\/wp-json\/wp\/v2\/users\/2"}],"replies":[{"embeddable":true,"href":"https:\/\/eventos.cmm.uchile.cl\/tvetweek\/wp-json\/wp\/v2\/comments?post=26"}],"version-history":[{"count":16,"href":"https:\/\/eventos.cmm.uchile.cl\/tvetweek\/wp-json\/wp\/v2\/pages\/26\/revisions"}],"predecessor-version":[{"id":257,"href":"https:\/\/eventos.cmm.uchile.cl\/tvetweek\/wp-json\/wp\/v2\/pages\/26\/revisions\/257"}],"wp:attachment":[{"href":"https:\/\/eventos.cmm.uchile.cl\/tvetweek\/wp-json\/wp\/v2\/media?parent=26"}],"curies":[{"name":"wp","href":"https:\/\/api.w.org\/{rel}","templated":true}]}}