{"id":9,"date":"2021-07-07T19:38:47","date_gmt":"2021-07-07T23:38:47","guid":{"rendered":"http:\/\/eventos.cmm.uchile.cl\/workshopcup01\/?page_id=9"},"modified":"2021-11-15T21:06:39","modified_gmt":"2021-11-16T00:06:39","slug":"inicio","status":"publish","type":"page","link":"https:\/\/eventos.cmm.uchile.cl\/workshopcup01\/","title":{"rendered":""},"content":{"rendered":"<h5 class=\"numero_evento\">Evento 1 de 5<\/h5>\n<h1>Cambio Clim\u00e1tico<\/h1>\n<h5 class=\"fecha_evento\">4 al 7 de octubre de 2021<\/h5>\n<p>Participe junto al Centro de Modelamiento Matem\u00e1tico (CMM) de la Universidad de Chile y el Joint Nature Conservation Committee (JNCC) del Reino Unido en la serie de talleres\u00a0<strong>Datos satelitales de Copernicus en Chile y Am\u00e9rica Latina: Construyendo aplicaciones y redes de colaboraci\u00f3n<\/strong>\u00a0del\u00a0<strong>4 al 7 de octubre de 2021<\/strong>.<\/p>\n<p>Los talleres explorar\u00e1n c\u00f3mo se utilizan los datos de Copernicus para investigar el cambio clim\u00e1tico a trav\u00e9s de una serie de presentaciones de expertos t\u00e9cnicos de renombre internacional. El evento convocar\u00e1 a grupos de inter\u00e9s de colaboraci\u00f3n para el desarrollo de futuros proyectos e identificar\u00e1 oportunidades de financiamiento para la investigaci\u00f3n.<\/p>\n<p>Las sesiones tem\u00e1ticas incluir\u00e1n:<\/p>\n<ul>\n<li>Clima y Atm\u00f3sfera<\/li>\n<li>Tierra<\/li>\n<li>Oc\u00e9anos<\/li>\n<li>Criosfera<\/li>\n<\/ul>\n<div class=\"su-box su-box-style-default\" id=\"\" style=\"border-color:#002065;border-radius:3px;max-width:none\"><div class=\"su-box-title\" style=\"background-color:#265398;color:#FFFFFF;border-top-left-radius:1px;border-top-right-radius:1px\">Actualizaci\u00f3n<\/div><div class=\"su-box-content su-u-clearfix su-u-trim\" style=\"border-bottom-left-radius:1px;border-bottom-right-radius:1px\">Vea el registro en video de cada jornada en la p\u00e1gina de <a href=\"https:\/\/eventos.cmm.uchile.cl\/workshopcup01\/programa\/\">Programa<\/a><\/div><\/div>\n<h4>Organizan<\/h4>\n<p style=\"text-align: center;\"><a href=\"https:\/\/www.copernicus-user-uptake.eu\/\" target=\"_blank\" rel=\"noopener noreferrer\">Framework Partnership Agreement for Copernicus User Uptake (FPCUP)<\/a>\u00a0|\u00a0<a href=\"http:\/\/jncc.defra.gov.uk\/\" target=\"_blank\" rel=\"noopener noreferrer\">Joint Nature Conservation Committee<\/a>\u00a0| Universidad de Chile |\u00a0<a href=\"https:\/\/www.cmm.uchile.cl\/\" target=\"_blank\" rel=\"noopener noreferrer\">Centro de Modelamiento Matem\u00e1tico<\/a><\/p>\n<p><img loading=\"lazy\" decoding=\"async\" class=\"aligncenter size-full wp-image-45\" src=\"http:\/\/eventos.cmm.uchile.cl\/workshopcup01\/wp-content\/uploads\/sites\/118\/2021\/07\/copernicus_fpcup_chile_w1_sponsors_es_01.png\" alt=\"organizadores\" width=\"600\" height=\"90\" srcset=\"https:\/\/eventos.cmm.uchile.cl\/workshopcup01\/wp-content\/uploads\/sites\/118\/2021\/07\/copernicus_fpcup_chile_w1_sponsors_es_01.png 600w, https:\/\/eventos.cmm.uchile.cl\/workshopcup01\/wp-content\/uploads\/sites\/118\/2021\/07\/copernicus_fpcup_chile_w1_sponsors_es_01-300x45.png 300w\" sizes=\"auto, (max-width: 600px) 100vw, 600px\" \/><\/p>\n","protected":false},"excerpt":{"rendered":"<p>Evento 1 de 5 Cambio Clim\u00e1tico 4 al 7 de octubre de 2021 Participe junto al Centro de Modelamiento Matem\u00e1tico (CMM) de la Universidad de Chile y el Joint Nature Conservation Committee (JNCC) del Reino Unido en la serie de talleres\u00a0Datos satelitales de Copernicus en Chile y Am\u00e9rica Latina: Construyendo aplicaciones y redes de colaboraci\u00f3n\u00a0del\u00a04 &hellip; <a href=\"https:\/\/eventos.cmm.uchile.cl\/workshopcup01\/\" class=\"more-link\">Seguir leyendo <span class=\"screen-reader-text\"><\/span> <span class=\"meta-nav\">&rarr;<\/span><\/a><\/p>\n","protected":false},"author":2,"featured_media":0,"parent":0,"menu_order":0,"comment_status":"closed","ping_status":"closed","template":"","meta":{"inline_featured_image":false,"footnotes":""},"class_list":["post-9","page","type-page","status-publish","hentry"],"_links":{"self":[{"href":"https:\/\/eventos.cmm.uchile.cl\/workshopcup01\/wp-json\/wp\/v2\/pages\/9","targetHints":{"allow":["GET"]}}],"collection":[{"href":"https:\/\/eventos.cmm.uchile.cl\/workshopcup01\/wp-json\/wp\/v2\/pages"}],"about":[{"href":"https:\/\/eventos.cmm.uchile.cl\/workshopcup01\/wp-json\/wp\/v2\/types\/page"}],"author":[{"embeddable":true,"href":"https:\/\/eventos.cmm.uchile.cl\/workshopcup01\/wp-json\/wp\/v2\/users\/2"}],"replies":[{"embeddable":true,"href":"https:\/\/eventos.cmm.uchile.cl\/workshopcup01\/wp-json\/wp\/v2\/comments?post=9"}],"version-history":[{"count":18,"href":"https:\/\/eventos.cmm.uchile.cl\/workshopcup01\/wp-json\/wp\/v2\/pages\/9\/revisions"}],"predecessor-version":[{"id":174,"href":"https:\/\/eventos.cmm.uchile.cl\/workshopcup01\/wp-json\/wp\/v2\/pages\/9\/revisions\/174"}],"wp:attachment":[{"href":"https:\/\/eventos.cmm.uchile.cl\/workshopcup01\/wp-json\/wp\/v2\/media?parent=9"}],"curies":[{"name":"wp","href":"https:\/\/api.w.org\/{rel}","templated":true}]}}