{"id":64,"date":"2021-09-20T18:18:23","date_gmt":"2021-09-20T21:18:23","guid":{"rendered":"http:\/\/eventos.cmm.uchile.cl\/workshopcup04\/?page_id=64"},"modified":"2022-11-14T18:40:50","modified_gmt":"2022-11-14T21:40:50","slug":"conferencistas","status":"publish","type":"page","link":"https:\/\/eventos.cmm.uchile.cl\/workshopcup04\/conferencistas\/","title":{"rendered":"Conferencistas"},"content":{"rendered":"<h2>Conferencista principal<\/h2>\n<div class=\"su-divider su-divider-style-default\" style=\"margin:0px 0;border-width:2px;border-color:#23519A\"><\/div>\n<h3 id=\"barrera\"><img loading=\"lazy\" decoding=\"async\" class=\"speaker_pic alignleft size-full wp-image-357\" src=\"https:\/\/eventos.cmm.uchile.cl\/workshopcup04\/wp-content\/uploads\/sites\/148\/2022\/11\/de_la_barrera_01.jpg\" alt=\"Francisco de la Barrera\" width=\"200\" height=\"200\" \/>Francisco de la Barrera<\/h3>\n<p>Profesor asociado de la Facultad de Arquitectura, Urbanismo y Geograf\u00eda de la Universidad de Concepci\u00f3n. Bi\u00f3logo ambiental de la Universidad de Chile. Master en Gesti\u00f3n Ambiental y Planificaci\u00f3n Territorial de Universitat de Barcelona y Doctor en Geograf\u00eda de Universitat de Barcelona.<\/p>\n<p>Se ha especializado en la evaluaci\u00f3n y gesti\u00f3n ambiental de paisajes urbanos y periurbanos usando herramientas de an\u00e1lisis espacial, teledetecci\u00f3n y gesti\u00f3n de los servicios ecosist\u00e9micos que proveen las estructuras naturales del paisaje, como plazas y parques. Recientemente se ha enfocado en las consecuencias de los cambios de uso y cobertura del suelo y el rol de la vegetaci\u00f3n para mejorar el bienestar de las personas.<\/p>\n<div class=\"su-divider su-divider-style-default\" style=\"margin:20px 0;border-width:3px;border-color:#23519A\"><a href=\"#\" style=\"color:#999999\">Volver arriba \u2303<\/a><\/div>\n<h2>Panelistas<\/h2>\n<div class=\"su-divider su-divider-style-default\" style=\"margin:0px 0;border-width:2px;border-color:#23519A\"><\/div>\n<h3 id=\"godoy\"><img loading=\"lazy\" decoding=\"async\" class=\"speaker_pic alignleft size-full wp-image-334\" src=\"https:\/\/eventos.cmm.uchile.cl\/workshopcup04\/wp-content\/uploads\/sites\/148\/2022\/11\/godoy_01.jpg\" alt=\"Karina Godoy\" width=\"200\" height=\"200\" \/>Karina Godoy<\/h3>\n<p>Karina Godoy Maldonado es Ingeniera en Conservaci\u00f3n de Recursos Naturales, Coordinadora del programa Vino, cambio Clim\u00e1tico y Biodiversidad y del Programa Integrativo de Conservaci\u00f3n de la Biodiversidad en Agroecosistemas del Instituto de Ecolog\u00eda y Biodiversidad y la Universidad Austral de Chile. Centra su trabajo en facilitar y gestionar la conservaci\u00f3n de la biodiversidad en \u00e1reas productivas, apoyando el v\u00ednculo entre el sector privado y cient\u00edficas\/os para el desarrollo de investigaciones en \u00e1reas productivas y la toma de decisiones en base a evidencia.<\/p>\n<div class=\"su-divider su-divider-style-default\" style=\"margin:20px 0;border-width:3px;border-color:#23519A\"><a href=\"#\" style=\"color:#999999\">Volver arriba \u2303<\/a><\/div>\n<h3 id=\"piedelobo\"><img loading=\"lazy\" decoding=\"async\" class=\"speaker_pic alignleft size-full wp-image-334\" src=\"https:\/\/eventos.cmm.uchile.cl\/workshopcup04\/wp-content\/uploads\/sites\/148\/2022\/11\/piedelobo_01.jpg\" alt=\"Laura Piedelobo\" width=\"200\" height=\"200\" \/>Laura Piedelobo<\/h3>\n<p>Investigadora postdoctoral Marie Curie en el Departamento de Ingenier\u00eda Cartogr\u00e1fica y del Terreno de la Universidad de Salamanca, Espa\u00f1a. Su investigaci\u00f3n se focaliza en la implementaci\u00f3n operativa de datos de teledetecci\u00f3n para mejorar la gesti\u00f3n y planificaci\u00f3n de los recursos naturales, utilizando el programa Copernicus y contribuyendo al desarrollo de su sector downstream. Actualmente trabaja en varios proyectos europeos para mejorar la monitorizaci\u00f3n de soluciones basadas en la naturaleza y sus servicios ecosist\u00e9micos para la adaptaci\u00f3n al cambio clim\u00e1tico y la reducci\u00f3n de riesgos de desastres naturales.<\/p>\n<div class=\"su-divider su-divider-style-default\" style=\"margin:20px 0;border-width:3px;border-color:#23519A\"><a href=\"#\" style=\"color:#999999\">Volver arriba \u2303<\/a><\/div>\n<h3 id=\"smith\"><img loading=\"lazy\" decoding=\"async\" class=\"speaker_pic alignleft size-full wp-image-607\" src=\"https:\/\/eventos.cmm.uchile.cl\/workshopcup04\/wp-content\/uploads\/sites\/148\/2022\/11\/smith_02.jpg\" alt=\"Matt Smith\" width=\"200\" height=\"200\" srcset=\"https:\/\/eventos.cmm.uchile.cl\/workshopcup04\/wp-content\/uploads\/sites\/148\/2022\/11\/smith_02.jpg 200w, https:\/\/eventos.cmm.uchile.cl\/workshopcup04\/wp-content\/uploads\/sites\/148\/2022\/11\/smith_02-150x150.jpg 150w\" sizes=\"auto, (max-width: 200px) 100vw, 200px\" \/>Matt Smith<\/h3>\n<p>Matt es ec\u00f3logo y bioge\u00f3grafo. Ha trabajado en la conservaci\u00f3n de la naturaleza y el manejo de recursos naturales durante 17 a\u00f1os, trabajando en el Equipo de Implementaci\u00f3n Internacional del Comit\u00e9 Conjunto de Conservaci\u00f3n de la Naturaleza (JNCC) desde 2011. Su papel en JNCC es transversal y se centra principalmente en la integraci\u00f3n de la ciencia del capital natural, los servicios ecosist\u00e9micos y los conceptos de soluciones basadas en la naturaleza en los mecanismos de apoyo a la decisi\u00f3n en todo el mundo. Como parte de su funci\u00f3n consultiva, apoya el programa de trabajo de coordinaci\u00f3n de la investigaci\u00f3n del JNCC y colabora con una amplia gama de redes y \u00f3rganos profesionales intersectoriales nacionales e internacionales. Es el coordinador del Reino Unido para el proyecto de captaci\u00f3n de usuarios de Copernicus que JNCC coordina en colaboraci\u00f3n con el Centro de Modelamiento Matem\u00e1tico de la Universidad de Chile.<\/p>\n<p>Matt tambi\u00e9n tiene su propia consultor\u00eda y trabaja entre el Reino Unido y Brasil. Su trabajo se centra principalmente en conectar la sociedad, la econom\u00eda y la ecolog\u00eda a trav\u00e9s de proyectos en Am\u00e9rica Latina y el Caribe. M\u00e1s recientemente, su trabajo ha comenzado a explorar el papel de &#8216;invertir en la naturaleza&#8217; como parte de la recuperaci\u00f3n post-Covid 19 en la regi\u00f3n de ALC.<\/p>\n<p>Antes de unirse a JNCC y comenzar su negocio, Matt ha trabajado en el sector de las ONG en una variedad de programas integrados de conservaci\u00f3n y desarrollo sostenible en el Reino Unido, \u00c1frica Oriental y Meridional y Asia Central.<\/p>\n<div class=\"su-divider su-divider-style-default\" style=\"margin:20px 0;border-width:3px;border-color:#23519A\"><a href=\"#\" style=\"color:#999999\">Volver arriba \u2303<\/a><\/div>\n<h3 id=\"ubilla\"><img loading=\"lazy\" decoding=\"async\" class=\"speaker_pic alignleft size-full wp-image-608\" src=\"https:\/\/eventos.cmm.uchile.cl\/workshopcup04\/wp-content\/uploads\/sites\/148\/2022\/11\/ubilla_01.jpg\" alt=\"Jaime Ubilla\" width=\"200\" height=\"200\" srcset=\"https:\/\/eventos.cmm.uchile.cl\/workshopcup04\/wp-content\/uploads\/sites\/148\/2022\/11\/ubilla_01.jpg 200w, https:\/\/eventos.cmm.uchile.cl\/workshopcup04\/wp-content\/uploads\/sites\/148\/2022\/11\/ubilla_01-150x150.jpg 150w\" sizes=\"auto, (max-width: 200px) 100vw, 200px\" \/>Jaime Ubilla<\/h3>\n<p>Jaime Ubilla (PhD) es abogado, asesor legislativo y profesor de derecho, enfocado en sociolog\u00eda legal, derechos de propiedad y nuevas estrategias posmodernas para el cambio social \u2013con especial \u00e9nfasis en derecho de biodiversidad\u2013. Doctorado en la Universidad de Edimburgo. El Dr. Ubilla es tambi\u00e9n el proponente original y dise\u00f1ador del derecho real de conservaci\u00f3n promulgado en Chile por la Ley 20.930. Este nuevo derecho de propiedad fue originalmente propuesto y denominado por \u00e9l en Chile en 2003 (Ubilla, 2003). Asimismo, la forma jur\u00eddica definitiva de este nuevo derecho \u2013como derecho afirmativo y reflexivo\u2013 fue propuesta y redactada por el Dr. Ubilla \u2013a trav\u00e9s de su asesoramiento a las comisiones legislativas de el Senado de Chile\u2013 sobre la base de su investigaci\u00f3n realizada en la Universidad de Edimburgo (Ubilla, 2015, Ubilla 2016b).<\/p>\n<p>Fue en ese proceso que el Dr. Ubilla introdujo la noci\u00f3n de capital natural en el dise\u00f1o institucional y la historia legislativa de la Ley 20.930. Esto se debe a que el derecho real de conservaci\u00f3n fue dise\u00f1ado como un nuevo tipo de derecho de propiedad, afirmativo y reflexivo, que posibilita detentar un derecho sobre intangibles ambientales, atributos y funciones del patrimonio ambiental de un determinado inmueble. Este nuevo modelo de derecho de propiedad, que rompe con 2.500 de la historia legal, deja atr\u00e1s el modelo tradicional de conservaci\u00f3n est\u00e1tica basado en restricciones y en modelos puramente filantr\u00f3picos \u2013y beneficios impositivos\u2013 representados paradigm\u00e1ticamente por \u00abservidumbres de conservaci\u00f3n\u00bb. Esto se ha explicado profusamente en las fuentes citadas en <a class=\"url\" href=\"https:\/\/www.conservationright.org\" target=\"_blank\" rel=\"noopener\">www.conservationright.org<\/a>.<\/p>\n<p>Tambi\u00e9n es el fundador y director del Conservation Law Center de Chile <a class=\"url\" href=\"https:\/\/www.centroderechoconservacion.org\" target=\"_blank\" rel=\"noopener\">www.centroderechoconservacion.org<\/a>, y de su organizaci\u00f3n hermana Conservation Right Foundation <a class=\"url\" href=\"https:\/\/www.conservationright.org\" target=\"_blank\" rel=\"noopener\">www.conservationright.org<\/a>, y tambi\u00e9n es el fundador de la Coalici\u00f3n de Capital Natural de Chile.<\/p>\n<p>El Dr. Jaime Ubilla es socio de Ubilla y Cia Abogados <a class=\"url\" href=\"http:\/\/www.ub-co.com\" target=\"_blank\" rel=\"noopener\">www.ub-co.com<\/a>, y director de Natural Capital DMB Chile.<\/p>\n<p>Finalmente, colabora con varias universidades y centros de investigaci\u00f3n en Chile e internacionalmente, y su investigaci\u00f3n acad\u00e9mica se centra en la teor\u00eda jur\u00eddica, la teor\u00eda social y el derecho privado. Actualmente es profesor adjunto Universidad Cat\u00f3lica del Norte, Chile.<\/p>\n<h3 id=\"honeyman\"><\/h3>\n<div class=\"su-divider su-divider-style-default\" style=\"margin:20px 0;border-width:3px;border-color:#23519A\"><a href=\"#\" style=\"color:#999999\">Volver arriba \u2303<\/a><\/div>\n","protected":false},"excerpt":{"rendered":"<p>Conferencista principal Francisco de la Barrera Profesor asociado de la Facultad de Arquitectura, Urbanismo y Geograf\u00eda de la Universidad de Concepci\u00f3n. Bi\u00f3logo ambiental de la Universidad de Chile. Master en Gesti\u00f3n Ambiental y Planificaci\u00f3n Territorial de Universitat de Barcelona y Doctor en Geograf\u00eda de Universitat de Barcelona. Se ha especializado en la evaluaci\u00f3n y gesti\u00f3n &hellip; <a href=\"https:\/\/eventos.cmm.uchile.cl\/workshopcup04\/conferencistas\/\" class=\"more-link\">Seguir leyendo <span class=\"screen-reader-text\">Conferencistas<\/span> <span class=\"meta-nav\">&rarr;<\/span><\/a><\/p>\n","protected":false},"author":2,"featured_media":0,"parent":0,"menu_order":1,"comment_status":"closed","ping_status":"closed","template":"","meta":{"inline_featured_image":false,"footnotes":""},"class_list":["post-64","page","type-page","status-publish","hentry"],"_links":{"self":[{"href":"https:\/\/eventos.cmm.uchile.cl\/workshopcup04\/wp-json\/wp\/v2\/pages\/64","targetHints":{"allow":["GET"]}}],"collection":[{"href":"https:\/\/eventos.cmm.uchile.cl\/workshopcup04\/wp-json\/wp\/v2\/pages"}],"about":[{"href":"https:\/\/eventos.cmm.uchile.cl\/workshopcup04\/wp-json\/wp\/v2\/types\/page"}],"author":[{"embeddable":true,"href":"https:\/\/eventos.cmm.uchile.cl\/workshopcup04\/wp-json\/wp\/v2\/users\/2"}],"replies":[{"embeddable":true,"href":"https:\/\/eventos.cmm.uchile.cl\/workshopcup04\/wp-json\/wp\/v2\/comments?post=64"}],"version-history":[{"count":49,"href":"https:\/\/eventos.cmm.uchile.cl\/workshopcup04\/wp-json\/wp\/v2\/pages\/64\/revisions"}],"predecessor-version":[{"id":630,"href":"https:\/\/eventos.cmm.uchile.cl\/workshopcup04\/wp-json\/wp\/v2\/pages\/64\/revisions\/630"}],"wp:attachment":[{"href":"https:\/\/eventos.cmm.uchile.cl\/workshopcup04\/wp-json\/wp\/v2\/media?parent=64"}],"curies":[{"name":"wp","href":"https:\/\/api.w.org\/{rel}","templated":true}]}}