{"id":9,"date":"2021-07-07T19:38:47","date_gmt":"2021-07-07T23:38:47","guid":{"rendered":"http:\/\/eventos.cmm.uchile.cl\/workshopcup05\/?page_id=9"},"modified":"2023-05-22T09:53:34","modified_gmt":"2023-05-22T13:53:34","slug":"inicio","status":"publish","type":"page","link":"https:\/\/eventos.cmm.uchile.cl\/workshopcup05\/","title":{"rendered":""},"content":{"rendered":"<h5 class=\"numero_evento\">Evento 5 de 5<\/h5>\n<h1>Monitoreo de Oc\u00e9anos<\/h1>\n<h5 class=\"fecha_evento\">22 de marzo de 2023<\/h5>\n<h3>Taller h\u00edbrido: asistencia presencial y en l\u00ednea, con expositores presenciales.<\/h3>\n<div class=\"su-button-center\"><a href=\"https:\/\/www.youtube.com\/watch?v=Vz6r1eqZ4sQ\" class=\"su-button su-button-style-flat\" style=\"color:#FFFFFF;background-color:#23519A;border-color:#1c417c;border-radius:9px\" target=\"_blank\" rel=\"noopener noreferrer\"><span style=\"color:#FFFFFF;padding:8px 24px;font-size:18px;line-height:27px;border-color:#6586b9;border-radius:9px;text-shadow:none\"><i class=\"sui sui-youtube-play\" style=\"font-size:18px;color:#FFFFFF\"><\/i> Transmisi\u00f3n en YouTube<\/span><\/a><\/div>\n<p>&nbsp;<\/p>\n<p><iframe loading=\"lazy\" title=\"YouTube video player\" src=\"https:\/\/www.youtube-nocookie.com\/embed\/Vz6r1eqZ4sQ\" width=\"604\" height=\"340\" frameborder=\"0\" allowfullscreen=\"allowfullscreen\"><span data-mce-type=\"bookmark\" style=\"display: inline-block; width: 0px; overflow: hidden; line-height: 0;\" class=\"mce_SELRES_start\">\ufeff<\/span><span data-mce-type=\"bookmark\" style=\"display: inline-block; width: 0px; overflow: hidden; line-height: 0;\" class=\"mce_SELRES_start\">\ufeff<\/span><\/iframe><\/p>\n<p>&nbsp;<\/p>\n<p>Participe junto al Centro de Modelamiento Matem\u00e1tico (CMM) de la Universidad de Chile y el Joint Nature Conservation Committee (JNCC) del Reino Unido en el\u00a0<strong>quinto evento<\/strong>\u00a0de la serie de talleres\u00a0<strong>Datos satelitales de Copernicus en Chile y Am\u00e9rica Latina: Construyendo aplicaciones y redes de colaboraci\u00f3n<\/strong> que se celebrar\u00e1 el <strong>22 de marzo de 2023<\/strong>.<\/p>\n<p>Los talleres explorar\u00e1n c\u00f3mo se utilizan los datos de Copernicus para el <strong>Monitoreo de Oc\u00e9anos<\/strong>\u00a0a trav\u00e9s de una serie de presentaciones de expertos t\u00e9cnicos de renombre internacional. El evento convocar\u00e1 a grupos de inter\u00e9s de colaboraci\u00f3n para el desarrollo de futuros proyectos e identificar\u00e1 oportunidades de financiamiento para la investigaci\u00f3n.<\/p>\n<p>El evento se llevar\u00e1 a cabo en el Auditorio de la Facultad de Ciencias Naturales y Exactas, Universidad de Playa Ancha, ubicado en Leopoldo Carvallo #270, Playa Ancha, Valpara\u00edso.<\/p>\n<p>&nbsp;<\/p>\n<h4>Organizan<\/h4>\n<p style=\"text-align: center;\"><a href=\"https:\/\/www.copernicus-user-uptake.eu\/\" target=\"_blank\" rel=\"noopener noreferrer\">Framework Partnership Agreement for Copernicus User Uptake (FPCUP)<\/a>\u00a0|\u00a0<a href=\"http:\/\/jncc.defra.gov.uk\/\" target=\"_blank\" rel=\"noopener noreferrer\">Joint Nature Conservation Committee<\/a> | <a href=\"https:\/\/www.cmm.uchile.cl\/\" target=\"_blank\" rel=\"noopener noreferrer\">Centro de Modelamiento Matem\u00e1tico<\/a> | Facultad de Ciencias F\u00edsicas y Matem\u00e1ticas UChile | Facultad de Ciencias Naturales y Exactas UPLA | Laboratorio de Teledetecci\u00f3n Ambiental TeleAmb<\/p>\n<p><img loading=\"lazy\" decoding=\"async\" class=\"aligncenter size-full wp-image-666\" src=\"https:\/\/eventos.cmm.uchile.cl\/workshopcup05\/wp-content\/uploads\/sites\/153\/2023\/01\/copernicus_user_uptake_chile_w5_sponsors_es_01.png\" alt=\"organizadores\" width=\"600\" height=\"150\" srcset=\"https:\/\/eventos.cmm.uchile.cl\/workshopcup05\/wp-content\/uploads\/sites\/153\/2023\/01\/copernicus_user_uptake_chile_w5_sponsors_es_01.png 600w, https:\/\/eventos.cmm.uchile.cl\/workshopcup05\/wp-content\/uploads\/sites\/153\/2023\/01\/copernicus_user_uptake_chile_w5_sponsors_es_01-300x75.png 300w\" sizes=\"auto, (max-width: 600px) 100vw, 600px\" \/><\/p>\n<p>&nbsp;<\/p>\n<div class=\"su-divider su-divider-style-default\" style=\"margin:20px 0;border-width:3px;border-color:#23519A\"><a href=\"#\" style=\"color:#999999\">Volver arriba \u2303<\/a><\/div>\n<p><small>Cr\u00e9dito foto:\u00a0<a href=\"https:\/\/unsplash.com\/@tompec?utm_source=unsplash&amp;utm_medium=referral&amp;utm_content=creditCopyText\" target=\"_blank\" rel=\"noopener\">Thomas Petracco<\/a> en Unsplash\u00a0<\/small><\/p>\n","protected":false},"excerpt":{"rendered":"<p>Evento 5 de 5 Monitoreo de Oc\u00e9anos 22 de marzo de 2023 Taller h\u00edbrido: asistencia presencial y en l\u00ednea, con expositores presenciales. &nbsp; \ufeff\ufeff &nbsp; Participe junto al Centro de Modelamiento Matem\u00e1tico (CMM) de la Universidad de Chile y el Joint Nature Conservation Committee (JNCC) del Reino Unido en el\u00a0quinto evento\u00a0de la serie de talleres\u00a0Datos &hellip; <a href=\"https:\/\/eventos.cmm.uchile.cl\/workshopcup05\/\" class=\"more-link\">Seguir leyendo <span class=\"screen-reader-text\"><\/span> <span class=\"meta-nav\">&rarr;<\/span><\/a><\/p>\n","protected":false},"author":2,"featured_media":0,"parent":0,"menu_order":0,"comment_status":"closed","ping_status":"closed","template":"","meta":{"inline_featured_image":false,"footnotes":""},"class_list":["post-9","page","type-page","status-publish","hentry"],"_links":{"self":[{"href":"https:\/\/eventos.cmm.uchile.cl\/workshopcup05\/wp-json\/wp\/v2\/pages\/9","targetHints":{"allow":["GET"]}}],"collection":[{"href":"https:\/\/eventos.cmm.uchile.cl\/workshopcup05\/wp-json\/wp\/v2\/pages"}],"about":[{"href":"https:\/\/eventos.cmm.uchile.cl\/workshopcup05\/wp-json\/wp\/v2\/types\/page"}],"author":[{"embeddable":true,"href":"https:\/\/eventos.cmm.uchile.cl\/workshopcup05\/wp-json\/wp\/v2\/users\/2"}],"replies":[{"embeddable":true,"href":"https:\/\/eventos.cmm.uchile.cl\/workshopcup05\/wp-json\/wp\/v2\/comments?post=9"}],"version-history":[{"count":65,"href":"https:\/\/eventos.cmm.uchile.cl\/workshopcup05\/wp-json\/wp\/v2\/pages\/9\/revisions"}],"predecessor-version":[{"id":720,"href":"https:\/\/eventos.cmm.uchile.cl\/workshopcup05\/wp-json\/wp\/v2\/pages\/9\/revisions\/720"}],"wp:attachment":[{"href":"https:\/\/eventos.cmm.uchile.cl\/workshopcup05\/wp-json\/wp\/v2\/media?parent=9"}],"curies":[{"name":"wp","href":"https:\/\/api.w.org\/{rel}","templated":true}]}}